{"id":5714,"date":"2025-12-21T12:43:44","date_gmt":"2025-12-21T12:43:44","guid":{"rendered":"https:\/\/dragonbojano.pl\/?page_id=5714"},"modified":"2026-01-14T17:47:57","modified_gmt":"2026-01-14T17:47:57","slug":"mmp-u15-futsal-2025-2026","status":"publish","type":"page","link":"https:\/\/dragonbojano.pl\/?page_id=5714","title":{"rendered":"MMP U-15 w futsalu &#8211; 2025\/26"},"content":{"rendered":"\n<h3 class=\"wp-block-heading\">M\u0142odzie\u017cowe Mistrzostwa Polski (MMP)<\/h3>\n\n\n\n<p>M\u0142odzie\u017cowe Mistrzostwa Polski (MMP) to og\u00f3lnopolska inicjatywa pi\u0142karska skierowana do m\u0142odych zawodnik\u00f3w, kt\u00f3rej celem jest tworzenie wysokiej jako\u015bci \u015brodowiska rywalizacji sportowej oraz wspieranie rozwoju dzieci i m\u0142odzie\u017cy poprzez sport.<\/p>\n\n\n\n<p>Fina\u0142y MMP odb\u0119d\u0105 si\u0119 w dniach&nbsp;<strong>23\u201325 stycznia 2026 roku<\/strong>&nbsp;w&nbsp;<strong>Hali Sportowej w Bojanie<\/strong>. To trzydniowe wydarzenie b\u0119dzie zwie\u0144czeniem ca\u0142ego cyklu rozgrywek.<\/p>\n\n\n\n<p>Do udzia\u0142u w fina\u0142ach zakwalifikuje si\u0119&nbsp;<strong>16 dru\u017cyn z ca\u0142ej Polski<\/strong>, wy\u0142onionych w&nbsp;<strong>trzech etapach eliminacji<\/strong>, co gwarantuje wysoki poziom sportowy i odpowiedni\u0105 selekcj\u0119 zespo\u0142\u00f3w.<\/p>\n\n\n\n<p>Wydarzenie realizowane jest&nbsp;<strong>przy wsparciu partner\u00f3w i sponsor\u00f3w<\/strong>, dzi\u0119ki kt\u00f3rym mo\u017cliwa jest organizacja turnieju na wysokim poziomie oraz stworzenie odpowiednich warunk\u00f3w do sportowej rywalizacji.<\/p>\n\n\n\n<p>Serdecznie zapraszamy do&nbsp;<strong>kibicowania na trybunach<\/strong>&nbsp;oraz do&nbsp;<strong>\u015bledzenia aktualnych informacji w mediach spo\u0142eczno\u015bciowych<\/strong>&nbsp;organizatora.<\/p>\n\n\n\n<figure class=\"wp-block-image size-large\"><img loading=\"lazy\" decoding=\"async\" width=\"850\" height=\"1024\" src=\"https:\/\/dragonbojano.pl\/wp-content\/uploads\/2026\/01\/sponsorzy-na-WWW-850x1024.jpg\" alt=\"\" class=\"wp-image-5726\" srcset=\"https:\/\/dragonbojano.pl\/wp-content\/uploads\/2026\/01\/sponsorzy-na-WWW-850x1024.jpg 850w, https:\/\/dragonbojano.pl\/wp-content\/uploads\/2026\/01\/sponsorzy-na-WWW-249x300.jpg 249w, https:\/\/dragonbojano.pl\/wp-content\/uploads\/2026\/01\/sponsorzy-na-WWW-768x925.jpg 768w, https:\/\/dragonbojano.pl\/wp-content\/uploads\/2026\/01\/sponsorzy-na-WWW-1275x1536.jpg 1275w, https:\/\/dragonbojano.pl\/wp-content\/uploads\/2026\/01\/sponsorzy-na-WWW-1701x2048.jpg 1701w, https:\/\/dragonbojano.pl\/wp-content\/uploads\/2026\/01\/sponsorzy-na-WWW-520x626.jpg 520w, https:\/\/dragonbojano.pl\/wp-content\/uploads\/2026\/01\/sponsorzy-na-WWW-740x891.jpg 740w\" sizes=\"auto, (max-width: 850px) 100vw, 850px\" \/><\/figure>\n","protected":false},"excerpt":{"rendered":"<p><a class=\"read-more\" href=\"https:\/\/dragonbojano.pl\/?page_id=5714\">Continue reading<\/a><\/p>\n","protected":false},"author":1,"featured_media":0,"parent":0,"menu_order":0,"comment_status":"closed","ping_status":"closed","template":"","meta":{"footnotes":"","_links_to":"","_links_to_target":""},"class_list":["post-5714","page","type-page","status-publish","hentry"],"yoast_head":"<!-- This site is optimized with the Yoast SEO plugin v22.2 - https:\/\/yoast.com\/wordpress\/plugins\/seo\/ -->\n<title>MMP U-15 w futsalu - 2025\/26 - LZS DRAGON BOJANO<\/title>\n<meta name=\"robots\" content=\"index, follow, max-snippet:-1, max-image-preview:large, max-video-preview:-1\" \/>\n<link rel=\"canonical\" href=\"https:\/\/dragonbojano.pl\/?page_id=5714\" \/>\n<meta property=\"og:locale\" content=\"pl_PL\" \/>\n<meta property=\"og:type\" content=\"article\" \/>\n<meta property=\"og:title\" content=\"MMP U-15 w futsalu - 2025\/26 - LZS DRAGON BOJANO\" \/>\n<meta property=\"og:description\" content=\"Continue reading\" \/>\n<meta property=\"og:url\" content=\"https:\/\/dragonbojano.pl\/?page_id=5714\" \/>\n<meta property=\"og:site_name\" content=\"LZS DRAGON BOJANO\" \/>\n<meta property=\"article:publisher\" content=\"https:\/\/www.facebook.com\/LZSDragonBojano\/\" \/>\n<meta property=\"article:modified_time\" content=\"2026-01-14T17:47:57+00:00\" \/>\n<meta property=\"og:image\" content=\"https:\/\/dragonbojano.pl\/wp-content\/uploads\/2026\/01\/sponsorzy-na-WWW-850x1024.jpg\" \/>\n<meta name=\"twitter:card\" content=\"summary_large_image\" \/>\n<meta name=\"twitter:label1\" content=\"Szacowany czas czytania\" \/>\n\t<meta name=\"twitter:data1\" content=\"1 minuta\" \/>\n<script type=\"application\/ld+json\" class=\"yoast-schema-graph\">{\"@context\":\"https:\/\/schema.org\",\"@graph\":[{\"@type\":\"WebPage\",\"@id\":\"https:\/\/dragonbojano.pl\/?page_id=5714\",\"url\":\"https:\/\/dragonbojano.pl\/?page_id=5714\",\"name\":\"MMP U-15 w futsalu - 2025\/26 - LZS DRAGON BOJANO\",\"isPartOf\":{\"@id\":\"https:\/\/dragonbojano.pl\/#website\"},\"primaryImageOfPage\":{\"@id\":\"https:\/\/dragonbojano.pl\/?page_id=5714#primaryimage\"},\"image\":{\"@id\":\"https:\/\/dragonbojano.pl\/?page_id=5714#primaryimage\"},\"thumbnailUrl\":\"https:\/\/dragonbojano.pl\/wp-content\/uploads\/2026\/01\/sponsorzy-na-WWW-850x1024.jpg\",\"datePublished\":\"2025-12-21T12:43:44+00:00\",\"dateModified\":\"2026-01-14T17:47:57+00:00\",\"breadcrumb\":{\"@id\":\"https:\/\/dragonbojano.pl\/?page_id=5714#breadcrumb\"},\"inLanguage\":\"pl-PL\",\"potentialAction\":[{\"@type\":\"ReadAction\",\"target\":[\"https:\/\/dragonbojano.pl\/?page_id=5714\"]}]},{\"@type\":\"ImageObject\",\"inLanguage\":\"pl-PL\",\"@id\":\"https:\/\/dragonbojano.pl\/?page_id=5714#primaryimage\",\"url\":\"https:\/\/dragonbojano.pl\/wp-content\/uploads\/2026\/01\/sponsorzy-na-WWW-scaled.jpg\",\"contentUrl\":\"https:\/\/dragonbojano.pl\/wp-content\/uploads\/2026\/01\/sponsorzy-na-WWW-scaled.jpg\",\"width\":2126,\"height\":2560},{\"@type\":\"BreadcrumbList\",\"@id\":\"https:\/\/dragonbojano.pl\/?page_id=5714#breadcrumb\",\"itemListElement\":[{\"@type\":\"ListItem\",\"position\":1,\"name\":\"Strona g\u0142\u00f3wna\",\"item\":\"https:\/\/dragonbojano.pl\/\"},{\"@type\":\"ListItem\",\"position\":2,\"name\":\"MMP U-15 w futsalu &#8211; 2025\/26\"}]},{\"@type\":\"WebSite\",\"@id\":\"https:\/\/dragonbojano.pl\/#website\",\"url\":\"https:\/\/dragonbojano.pl\/\",\"name\":\"LZS DRAGON BOJANO\",\"description\":\"- - - Program \u201eCertyfikacji PZPN dla szk\u00f3\u0142ek pi\u0142karskich\u201d  jest dofinansowany ze \u015brodk\u00f3w Ministerstwa Sportu i Turystyki  - - - Zadania klubu s\u0105 wspierane z bud\u017cetu Gminy Szemud\",\"publisher\":{\"@id\":\"https:\/\/dragonbojano.pl\/#organization\"},\"potentialAction\":[{\"@type\":\"SearchAction\",\"target\":{\"@type\":\"EntryPoint\",\"urlTemplate\":\"https:\/\/dragonbojano.pl\/?s={search_term_string}\"},\"query-input\":\"required name=search_term_string\"}],\"inLanguage\":\"pl-PL\"},{\"@type\":\"Organization\",\"@id\":\"https:\/\/dragonbojano.pl\/#organization\",\"name\":\"LZS Dragon Bojano\",\"url\":\"https:\/\/dragonbojano.pl\/\",\"logo\":{\"@type\":\"ImageObject\",\"inLanguage\":\"pl-PL\",\"@id\":\"https:\/\/dragonbojano.pl\/#\/schema\/logo\/image\/\",\"url\":\"https:\/\/dragonbojano.pl\/wp-content\/uploads\/2018\/12\/10731013_561763360636617_6073793889999046557_n.png\",\"contentUrl\":\"https:\/\/dragonbojano.pl\/wp-content\/uploads\/2018\/12\/10731013_561763360636617_6073793889999046557_n.png\",\"width\":459,\"height\":459,\"caption\":\"LZS Dragon Bojano\"},\"image\":{\"@id\":\"https:\/\/dragonbojano.pl\/#\/schema\/logo\/image\/\"},\"sameAs\":[\"https:\/\/www.facebook.com\/LZSDragonBojano\/\",\"https:\/\/www.instagram.com\/lzsdragonbojano\/?hl=pl\"]}]}<\/script>\n<!-- \/ Yoast SEO plugin. -->","yoast_head_json":{"title":"MMP U-15 w futsalu - 2025\/26 - LZS DRAGON BOJANO","robots":{"index":"index","follow":"follow","max-snippet":"max-snippet:-1","max-image-preview":"max-image-preview:large","max-video-preview":"max-video-preview:-1"},"canonical":"https:\/\/dragonbojano.pl\/?page_id=5714","og_locale":"pl_PL","og_type":"article","og_title":"MMP U-15 w futsalu - 2025\/26 - LZS DRAGON BOJANO","og_description":"Continue reading","og_url":"https:\/\/dragonbojano.pl\/?page_id=5714","og_site_name":"LZS DRAGON BOJANO","article_publisher":"https:\/\/www.facebook.com\/LZSDragonBojano\/","article_modified_time":"2026-01-14T17:47:57+00:00","og_image":[{"url":"https:\/\/dragonbojano.pl\/wp-content\/uploads\/2026\/01\/sponsorzy-na-WWW-850x1024.jpg"}],"twitter_card":"summary_large_image","twitter_misc":{"Szacowany czas czytania":"1 minuta"},"schema":{"@context":"https:\/\/schema.org","@graph":[{"@type":"WebPage","@id":"https:\/\/dragonbojano.pl\/?page_id=5714","url":"https:\/\/dragonbojano.pl\/?page_id=5714","name":"MMP U-15 w futsalu - 2025\/26 - LZS DRAGON BOJANO","isPartOf":{"@id":"https:\/\/dragonbojano.pl\/#website"},"primaryImageOfPage":{"@id":"https:\/\/dragonbojano.pl\/?page_id=5714#primaryimage"},"image":{"@id":"https:\/\/dragonbojano.pl\/?page_id=5714#primaryimage"},"thumbnailUrl":"https:\/\/dragonbojano.pl\/wp-content\/uploads\/2026\/01\/sponsorzy-na-WWW-850x1024.jpg","datePublished":"2025-12-21T12:43:44+00:00","dateModified":"2026-01-14T17:47:57+00:00","breadcrumb":{"@id":"https:\/\/dragonbojano.pl\/?page_id=5714#breadcrumb"},"inLanguage":"pl-PL","potentialAction":[{"@type":"ReadAction","target":["https:\/\/dragonbojano.pl\/?page_id=5714"]}]},{"@type":"ImageObject","inLanguage":"pl-PL","@id":"https:\/\/dragonbojano.pl\/?page_id=5714#primaryimage","url":"https:\/\/dragonbojano.pl\/wp-content\/uploads\/2026\/01\/sponsorzy-na-WWW-scaled.jpg","contentUrl":"https:\/\/dragonbojano.pl\/wp-content\/uploads\/2026\/01\/sponsorzy-na-WWW-scaled.jpg","width":2126,"height":2560},{"@type":"BreadcrumbList","@id":"https:\/\/dragonbojano.pl\/?page_id=5714#breadcrumb","itemListElement":[{"@type":"ListItem","position":1,"name":"Strona g\u0142\u00f3wna","item":"https:\/\/dragonbojano.pl\/"},{"@type":"ListItem","position":2,"name":"MMP U-15 w futsalu &#8211; 2025\/26"}]},{"@type":"WebSite","@id":"https:\/\/dragonbojano.pl\/#website","url":"https:\/\/dragonbojano.pl\/","name":"LZS DRAGON BOJANO","description":"- - - Program \u201eCertyfikacji PZPN dla szk\u00f3\u0142ek pi\u0142karskich\u201d  jest dofinansowany ze \u015brodk\u00f3w Ministerstwa Sportu i Turystyki  - - - Zadania klubu s\u0105 wspierane z bud\u017cetu Gminy Szemud","publisher":{"@id":"https:\/\/dragonbojano.pl\/#organization"},"potentialAction":[{"@type":"SearchAction","target":{"@type":"EntryPoint","urlTemplate":"https:\/\/dragonbojano.pl\/?s={search_term_string}"},"query-input":"required name=search_term_string"}],"inLanguage":"pl-PL"},{"@type":"Organization","@id":"https:\/\/dragonbojano.pl\/#organization","name":"LZS Dragon Bojano","url":"https:\/\/dragonbojano.pl\/","logo":{"@type":"ImageObject","inLanguage":"pl-PL","@id":"https:\/\/dragonbojano.pl\/#\/schema\/logo\/image\/","url":"https:\/\/dragonbojano.pl\/wp-content\/uploads\/2018\/12\/10731013_561763360636617_6073793889999046557_n.png","contentUrl":"https:\/\/dragonbojano.pl\/wp-content\/uploads\/2018\/12\/10731013_561763360636617_6073793889999046557_n.png","width":459,"height":459,"caption":"LZS Dragon Bojano"},"image":{"@id":"https:\/\/dragonbojano.pl\/#\/schema\/logo\/image\/"},"sameAs":["https:\/\/www.facebook.com\/LZSDragonBojano\/","https:\/\/www.instagram.com\/lzsdragonbojano\/?hl=pl"]}]}},"_links":{"self":[{"href":"https:\/\/dragonbojano.pl\/index.php?rest_route=\/wp\/v2\/pages\/5714","targetHints":{"allow":["GET"]}}],"collection":[{"href":"https:\/\/dragonbojano.pl\/index.php?rest_route=\/wp\/v2\/pages"}],"about":[{"href":"https:\/\/dragonbojano.pl\/index.php?rest_route=\/wp\/v2\/types\/page"}],"author":[{"embeddable":true,"href":"https:\/\/dragonbojano.pl\/index.php?rest_route=\/wp\/v2\/users\/1"}],"replies":[{"embeddable":true,"href":"https:\/\/dragonbojano.pl\/index.php?rest_route=%2Fwp%2Fv2%2Fcomments&post=5714"}],"version-history":[{"count":7,"href":"https:\/\/dragonbojano.pl\/index.php?rest_route=\/wp\/v2\/pages\/5714\/revisions"}],"predecessor-version":[{"id":5727,"href":"https:\/\/dragonbojano.pl\/index.php?rest_route=\/wp\/v2\/pages\/5714\/revisions\/5727"}],"wp:attachment":[{"href":"https:\/\/dragonbojano.pl\/index.php?rest_route=%2Fwp%2Fv2%2Fmedia&parent=5714"}],"curies":[{"name":"wp","href":"https:\/\/api.w.org\/{rel}","templated":true}]}}